e 13
-4
What is 4 (base 5) in base 12?
4
-a2 (base 15) to base 12
-108
Convert -201 (base 3) to base 2.
-10011
What is 2 (base 9) in base 16?
2
What is 56 (base 8) in base 7?
64
Convert 2 (base 8) to base 15.
2
What is 54 (base 8) in base 10?
44
-10 (base 10) to base 16
-a
264 (base 7) to base 12
100
Convert -1310 (base 4) to base 7.
-224
What is -69 (base 14) in base 4?
-1131
Convert -6 (base 14) to base 12.
-6
What is 0 (base 12) in base 3?
0
What is -5 (base 14) in base 2?
-101
-3 (base 4) to base 7
-3
What is -100 (base 3) in base 2?
-1001
Convert -8 (base 9) to base 4.
-20
Convert 121 (base 5) to base 16.
24
Convert -6 (base 11) to base 4.
-12
Convert 13 (base 12) to base 10.
15
Convert 1311 (base 5) to base 15.
db
What is 15 (base 15) in base 3?
202
3 (base 15) to base 11
3
Convert -55 (base 6) to base 16.
-23
Convert -11 (base 4) to base 7.
-5
245 (base 6) to base 8
145
Convert -24 (base 6) to base 8.
-20
Convert 117 (base 10) to base 5.
432
What is 21 (base 7) in base 14?
11
Convert 1 (base 11) to base 14.
1
143 (base 10) to base 15
98
Convert -5 (base 11) to base 10.
-5
What is 13 (base 7) in base 14?
a
What is -6 (base 8) in base 3?
-20
33 (base 4) to base 9
16
Convert -615 (base 7) to base 9.
-370
What is -1 (base 15) in base 4?
-1
What is -5 (base 7) in base 16?
-5
What is -10 (base 3) in base 8?
-3
102210 (base 3) to base 13
1b6
Convert 14 (base 15) to base 11.
18
-b (base 14) to base 10
-11
Convert 1 (base 4) to base 10.
1
Convert 1 (base 4) to base 11.
1
What is 15 (base 9) in base 7?
20
Convert 0 (base 6) to base 15.
0
Convert -62 (base 7) to base 4.
-230
Convert 11 (base 2) to base 8.
3
What is -9 (base 11) in base 7?
-12
What is -1021 (base 3) in base 2?
-100010
Convert 0 (base 13) to base 12.
0
11 (base 14) to base 13
12
Convert -3 (base 11) to base 6.
-3
What is 7 (base 12) in base 10?
7
-2 (base 13) to base 5
-2
Convert -23 (base 12) to base 13.
-21
-134 (base 5) to base 9
-48
20 (base 8) to base 2
10000
Convert -1 (base 10) to base 15.
-1
-1 (base 10) to base 5
-1
Convert 55 (base 7) to base 6.
104
What is 2c (base 16) in base 12?
38
Convert 24 (base 11) to base 13.
20
0 (base 10) to base 2
0
Convert 3 (base 6) to base 11.
3
What is 112 (base 3) in base 4?
32
Convert 2a (base 11) to base 14.
24
Convert 11111 (base 3) to base 2.
1111001
1312 (base 6) to base 7
653
1 (base 9) to base 13
1
13 (base 15) to base 3
200
2 (base 7) to base 3
2
-3 (base 12) to base 11
-3
-15 (base 10) to base 5
-30
What is b7 (base 15) in base 4?
2230
What is 1 (base 12) in base 4?
1
Convert 11012 (base 3) to base 14.
81
-10100110 (base 2) to base 5
-1131
Convert 0 (base 2) to base 11.
0
121 (base 3) to base 8
20
Convert -6 (base 10) to base 7.
-6
-1 (base 12) to base 5
-1
Convert 4d (base 14) to base 11.
63
What is 6 (base 9) in base 14?
6
10 (base 12) to base 10
12
Convert -b (base 15) to base 7.
-14
Convert 196 (base 11) to base 9.
271
-54 (base 14) to base 11
-68
2 (base 14) to base 3
2
-1 (base 14) to base 8
-1
Convert 131 (base 14) to base 16.
ef
1 (base 6) to base 7
1
-214 (base 6) to base 15
-57
What is -61 (base 7) in base 15?
-2d
Convert 110 (base 3) to base 5.
22
4 (base 9) to base 5
4
Convert -22 (base 3) to base 16.
-8
What is -265 (base 8) in base 12?
-131
24 (base 8) to base 10
20
Convert -1102 (base 4) to base 12.
-6a
What is 13 (base 6) in base 9?
10
-36 (base 13) to base 8
-55
What is 0 (base 5) in base 8?
0
What is -7 (base 11) in base 4?
-13
1b (base 16) to base 14
1d
Convert 11000 (base 2) to base 9.
26
What is 2 (base 9) in base 6?
2
What is 327 (base 8) in base 7?
425
What is 1 (base 6) in base 10?
1
Convert -31 (base 6) to base 2.
-10011
38 (base 15) to base 7
104
-421 (base 9) to base 7
-1000
What is -2 (base 10) in base 12?
-2
2 (base 15) to base 3
2
-8 (base 14) to base 12
-8
What is 1 (base 13) in base 10?
1
What is 13 (base 11) in base 4?
32
What is 61 (base 14) in base 10?
85
5 (base 6) to base 16
5
-12 (base 7) to base 6
-13
44 (base 11) to base 13
39
What is -1021 (base 3) in base 7?
-46
-50 (base 7) to base 4
-203
Convert 27 (base 9) to base 16.
19
What is 4 (base 16) in base 15?
4
45 (base 6) to base 5
104
2001 (base 4) to base 7
243
Convert -3 (base 11) to base 8.
-3
-24 (base 16) to base 13
-2a
What is 201 (base 3) in base 8?
23
What is -4 (base 15) in base 7?
-4
Convert -1 (base 15) to base 14.
-1
What is 14 (base 7) in base 6?
15
What is 1 (base 2) in base 5?
1
Convert -1 (base 9) to base 7.
-1
Convert -2b (base 13) to base 14.
-29
What is -22 (base 9) in base 12?
-18
-1101100 (base 2) to base 5
-413
What is -2 (base 3) in base 9?
-2
Convert -1 (base 6) to base 7.
-1
What is 4 (base 12) in base 13?
4
Convert -15 (base 6) to base 9.
-12
-11 (base 6) to base 9
-7
4 (base 7) to base 2
100
Convert -11 (base 2) to base 12.
-3
320 (base 4) to base 5
211
Convert 5 (base 10) to base 12.
5
Convert 6 (base 13) to base 10.
6
1 (base 8) to base 14
1
What is 2 (base 5) in base 14?
2
What is 2 (base 4) in base 8?
2
4 (base 7) to base 2
100
43 (base 5) to base 8
27
Convert -143 (base 5) to base 11.
-44
Convert 1213 (base 5) to base 3.
20210
What is 10 (base 13) in base 11?
12
c (base 14) to base 4
30
What is -b7 (base 14) in base 6?
-425
-2e (base 16) to base 15
-31
Convert -df (base 16) to base 9.
-267
-2211 (base 3) to base 6
-204
Convert 11 (base 3) to base 8.
4
b (base 14) to base 9
12
Convert 0 (base 9) to base 16.
0
What is -8 (base 10) in base 14?
-8
What is -2202 (base 5) in base 7?
-611
What is -133 (base 5) in base 6?
-111
Convert 11 (base 2) to base 11.
3
Convert 142 (base 5) to base 12.
3b
Convert ac (base 16) to base 13.
103
Convert 4 (base 15) to base 11.
4
Convert 2b (base 16) to base 2.
101011
What is -10 (base 8) in base 9?
-8
Convert -111110 (base 2) to base 9.
-68
-12 (base 12) to base 4
-32
What is 5 (base 10) in base 16?
5
Convert 1 (base 9) to base 13.
1
Convert -26 (base 11) to base 4.
-130
What is -3c (base 13) in base 8?
-63
What is -11022 (base 3) in base 14?
-84
187 (base 9) to base 8
240
Convert 0 (base 13) to base 4.
0
What is -24 (base 14) in base 9?
-35
Convert 4 (base 5) to base 4.
10
What is 143 (base 5) in base 15?
33
3 (base 16) to base 9
3
2 (base 6) to base 12
2
-10 (base 15) to base 7
-21
What is 22 (base 5) in base 12?
10
Convert 125 (base 9) to base 3.
10212
What is 6 (base 11) in base 10?
6
What is 2 (base 14) in base 7?
2
Convert 153 (base 6) to base 9.
76
Convert 221 (base 4) to base 3.
1112
Convert 98 (base 10) to base 13.
77
What is -10111 (base 3) in base 9?
-114
What is 333 (base 4) in base 2?
111111
3 (base 10) to base 8
3
What is -10 (base 3) in base 2?
-11
Convert -103 (base 7) to base 16.
-34
Convert -1 (base 4) to base 12.
-1
36 (base 14) to base 4
300
Convert 433 (base 6) to base 12.
119
41 (base 9) to base 8
45
Convert a (base 11) to base 14.
a
What is -30 (base 7) in base 6?
-33
Convert -52 (base 13) to base 6.
-151
What is 11110 (base 2) in base 8?
36
-10 (base 5) to base 3
-12
1 (base 12) to base 7
1
What is -30 (base 8) in base 13?
-1b
Convert -2031 (base 4) to base 2.
-10001101
Convert -2 (base 14) to base 7.
-2
13 (base 8) to base 6
15
2 (base 16) to base 3
2
Convert -13 (base 13) to base 9.
-17
What is b (base 13) in base 4?
23
Convert -1 (base 2) to base 5.
-1
What is 64 (base 13) in base 2?
1010010
What is 20 (base 9) in base 16?
12
Convert -2 (base 7) to base 4.
-2
-34 (base 16) to base 14
-3a
121 (base 3) to base 14
12
Convert 5 (base 16) to base 2.
101
What is 72 (base 10) in base 16?
48
Convert -321 (base 5) to base 9.
-105
What is 1 (base 3) in base 13?
1
What is 17 (base 10) in base 8?
21
What is -106 (base 11) in base 13?
-9a
2000 (base 3) to base 8
66
-111 (base 3) to base 16
-d
1111 (base 2) to base 6
23
What is 11 (base 2) in base 10?
3
Convert 1044 (base 5) to base 13.
b6
What is -10010 (base 2) in base 6?
-30
124 (base 6) to base 13
40
-18 (base 9) to base 2
-10001
-12 (base 4) to base 12
-6
What is 1 (base 3) in base 6?
1
What is 1 (base 14) in base 3?
1
Convert a (base 14) to base 5.
20
Convert -3 (base 14) to base 9.
-3
What is 101 (base 3) in base 10?
10
0 (base 10) to base 14
0
1 (base 4) to base 6
1
1035 (base 6) to base 9
285
What is -5 (base 15) in base 16?
-5
-20 (base 5) to base 2
-1010
What is -2b (base 13) in base 3?
-1101
102 (base 1